8660. Give y(-101).
4
Let s(h) = -556*h - 13849. Determine s(-17).
-4397
Let k(q) = -13*q**3 - 63*q**2 - 17*q - 95. What is k(-7)?
1396
Let d(s) = -8*s**3 + 496*s**2 - s - 220. Determine d(62).
-282
Let y(q) = 70*q - 1564. Give y(18).
-304
Let b(y) = 60*y**2 + 24891*y - 3815. What is b(-415)?
-80
Let w(p) = -p**3 - 55*p**2 - 38*p + 127. Determine w(-53).
-3477
Let j(n) = -9*n**3 - n**2 + 26*n - 78. Calculate j(3).
-252
Let s(r) = r**3 - 15*r**2 - 390*r + 20. Determine s(-14).
-204
Let u(p) = -p**2 + 13*p + 723. What is u(-19)?
115
Let d(l) = -240*l - 642. Give d(-3).
78
Let w(t) = 110*t - 1485. Determine w(17).
385
Let d(v) = 8*v**2 + 54*v + 109. Calculate d(-7).
123
Let d(a) = -a**2 - 3031*a + 30896. Calculate d(10).
486
Let v(y) = y**3 + 314*y**2 - 4941*y - 2152. Calculate v(-329).
-178
Let z(j) = -j**2 - 155*j + 42983. Calculate z(144).
-73
Let z(r) = r**3 + 282*r**2 - 8678*r - 58. Give z(28).
-2
Let y(m) = 251*m**2 - 1302*m + 8. What is y(5)?
-227
Let r(k) = 3*k**3 + 67*k**2 + 51*k + 172. Give r(0).
172
Let c(p) = -412*p - 6411. Determine c(-15).
-231
Let j(h) = -42123*h - 30960422. Give j(-735).
-17
Let m(i) = 30*i**3 - 4713*i**2 + 482*i - 1729. What is m(157)?
-2
Let p(x) = x**3 + 12*x**2 + 3690*x + 44292. Calculate p(-12).
12
Let v(b) = 91*b**3 - 492*b**2 + 218*b - 162. Give v(5).
3
Let y(o) = -203*o - 4201. Determine y(-24).
671
Let q(c) = 13*c**2 + 1395*c + 10320. Calculate q(-8).
-8
Let m(a) = -2867*a + 20126. Determine m(7).
57
Let h(n) = -2*n**2 - 168*n + 126. Give h(7).
-1148
Let i(q) = -q**3 + 205*q**2 + 4969*q - 568. Determine i(-22).
-18
Let o(d) = 4*d**3 - 49*d**2 - 379*d - 571. What is o(18)?
59
Let k(y) = -1383*y + 67663. What is k(49)?
-104
Let n(f) = -221*f - 7165. Determine n(-39).
1454
Let w(m) = 657*m + 14357. What is w(-22)?
-97
Let m(c) = 10*c**2 - 11006*c - 2511524. Determine m(-194).
0
Let c(y) = -3*y**2 + 127*y + 2129. Determine c(45).
1769
Let g(d) = -11*d**2 - 759*d - 13043. Give g(-41).
-415
Let f(i) = 5*i**2 - 1313. Determine f(-16).
-33
Let u(c) = c**3 + 17*c**2 - 274*c - 318. What is u(-26)?
722
Let t(j) = -j**3 - 3*j**2 - 268*j - 2222. What is t(-8)?
242
Let a(l) = -2*l**3 + 18*l**2 + 64*l + 18. Determine a(-5).
398
Let k(a) = -13122*a - 997376. Determine k(-76).
-104
Let y(g) = -745*g**2 - 76736*g - 181. What is y(-103)?
-78
Let p(x) = -38*x**2 + 526*x - 422. What is p(13)?
-6
Let b(k) = k**3 - 3*k**2 + 150*k + 1231. Determine b(-6).
7
Let l(f) = -13109*f + 183539. Give l(14).
13
Let o(t) = 1194*t - 38. Calculate o(0).
-38
Let b(s) = -392*s - 21547. Determine b(-63).
3149
Let l(q) = 79*q**3 - 542*q**2 - 86*q + 1. Give l(7).
-62
Let i(h) = 955837*h + 3. Calculate i(0).
3
Let s(a) = -a**3 - 56*a**2 - 170*a + 289. What is s(-53)?
872
Let l(p) = 14*p**2 + 30*p - 4. Give l(-5).
196
Let l(m) = 3244*m - 11943. Give l(4).
1033
Let y(i) = 1568*i - 175622. Calculate y(112).
-6
Let s(t) = -5*t**3 + 20*t**2 - 128*t + 8. Give s(8).
-2296
Let j(x) = -12*x**3 + 36*x**2 - 23*x + 93. Give j(3).
24
Let u(c) = 753*c**2 - 82069*c - 889. Determine u(109).
-17
Let n(f) = -1221*f**2 + 24505*f - 1713. Determine n(20).
-13
Let v(l) = -408*l**2 - 14536*l - 14539. What is v(-1)?
-411
Let p(o) = 28*o**3 + 16*o**2 + 50*o + 29. What is p(-4)?
-1707
Let o(i) = -51*i**2 - 9778*i + 22528. What is o(-194)?
24
Let q(u) = 49*u**3 - 13*u**2 + 43*u - 29. What is q(1)?
50
Let j(h) = -3*h**3 - 204*h**2 + 281*h + 6299. Determine j(6).
-7
Let y(j) = 8*j**2 - 2070*j + 7656. Determine y(255).
6
Let b(t) = -27*t**2 - 4823*t + 1493. What is b(-179)?
-297
Let l(k) = 4*k**3 + 29*k**2 + 116*k + 488. Calculate l(-5).
133
Let b(f) = 4*f**2 - 714*f - 34444. Determine b(218).
0
Let t(s) = -s**2 - 8698*s - 86741. What is t(-10)?
139
Let k(d) = -8*d**2 - 63077*d + 315593. Calculate k(5).
8
Let g(s) = -3*s**2 + 7264*s + 29086. Determine g(-4).
-18
Let a(s) = -154*s - 21322. Calculate a(-139).
84
Let r(q) = -1450*q**2 - 522001*q - 454. Calculate r(-360).
-94
Let n(o) = o**3 - 300*o**2 + 9726*o - 123. Calculate n(263).
-1438
Let o(n) = -2450*n - 2409. Give o(-1).
41
Let q(z) = 37*z**3 + 472*z**2 - 7*z + 3. Give q(-13).
-1427
Let m(h) = 34*h**2 - 1009*h + 4927. Calculate m(5).
732
Let m(s) = 49*s**2 - 459*s + 288. Determine m(9).
126
Let t(v) = 10*v**2 + 63*v - 4247. Determine t(-24).
1
Let o(t) = 2*t**3 + 66*t**2 - 53*t - 3724. What is o(-32)?
20
Let r(j) = -12290*j - 12242. What is r(-1)?
48
Let x(z) = z**3 - 24*z**2 + 68*z - 2284. Determine x(24).
-652
Let s(j) = -40*j**3 - 5*j**2 + 97*j + 262. Give s(-3).
1006
Let m(i) = -269*i - 28222. Give m(-106).
292
Let w(t) = -181*t + 25379. Give w(139).
220
Let j(v) = 3066*v + 9219. Give j(-3).
21
Let k(d) = 484*d - 1061. Determine k(4).
875
Let b(u) = -863*u**2 + 17261*u - 7. Give b(20).
13
Let w(m) = 148650*m + 445956. Give w(-3).
6
Let n(k) = -k**3 + 18*k**2 + 837*k - 6714. Calculate n(36).
90
Let t(z) = -2*z**2 + 178*z - 3820. What is t(23)?
-784
Let f(u) = -571*u**3 + 7994*u**2 - 419*u + 5868. What is f(14)?
2
Let t(f) = -216193*f - 648602. Calculate t(-3).
-23
Let c(v) = -v**3 + 480*v**2 + 4693*v + 101443. Give c(490).
13
Let r(p) = -380736*p + 380735. Give r(1).
-1
Let b(d) = 2*d**2 - 209*d + 5276. What is b(43)?
-13
Let q(h) = 192*h + 9101. Determine q(-54).
-1267
Let f(s) = -12254*s + 588198. Give f(48).
6
Let m(q) = 138*q**2 - 8837*q + 95. Calculate m(64).
-225
Let i(w) = 21*w**2 + 2871*w + 20131. Determine i(-7).
1063
Let l(z) = -18*z**3 - 96*z**2 - 60*z + 35. Calculate l(-1).
17
Let x(o) = -736*o + 170. What is x(2)?
-1302
Let a(c) = 13*c**2 + 8675*c - 43354. Calculate a(5).
346
Let t(s) = -s**2 - 188*s - 800. Determine t(-8).
640
Let x(l) = 7*l**2 - 6632*l - 19905. Give x(-3).
54
Let q(r) = -3791*r - 1656719. Give q(-437).
-52
Let n(b) = 12328*b + 86353. Determine n(-7).
57
Let o(m) = 49040*m + 98070. What is o(-2)?
-10
Let y(o) = -2850*o - 14701. Give y(-5).
-451
Let f(n) = -8279618*n + 16559236. Give f(2).
0
Let i(b) = 271*b + 16378. What is i(-65)?
-1237
Let p(b) = 2*b**2 - 108*b - 5742. Give p(-32).
-238
Let k(d) = d**3 - 385*d**2 + 112*d + 217. Give k(0).
217
Let g(z) = 2*z**3 - 262*z**2 + 1264*z - 500. Determine g(126).
4
Let a(g) = 6709*g + 33507. Give a(-5).
-38
Let c(l) = 6*l**3 - 7*l**2 + 618*l + 2513. Calculate c(-4).
-455
Let f(x) = -2*x**3 - 674*x**2 + 81027*x + 89. What is f(94)?
-5
Let t(r) = -38*r**2 - 1195*r - 11722. Determine t(-10).
-3572
Let v(b) = 2*b**2 - 701*b - 17472. Calculate v(-23).
-291
Let d(s) = -21*s**3 + 1251*s**2 + 546*s - 364. Calculate d(60).
-4
Let q(s) = s**3 + 10*s**2 - 32*s - 293. Determine q(-8).
91
Let s(c) = 111158*c - 3112496. Give s(28).
-72
Let n(s) = 4*s**3 - 149*s**2 + 1458*s - 1572. What is n(16)?
-4
Let n(w) = 52*w - 1482. Calculate n(35).
338
Let x(o) = -3*o**2 + 380*o + 3036. What is x(-8)?
-196
Let b(j) = j**3 + 14*j**2 - 2043*j + 5970. What is b(3)?
-6
Let t(w) = 42*w**2 + 858*w + 76. Determine t(-19).
-1064
Let c(u) = 25*u**2 - 421*u - 1728. Calculate c(-4).
356
Let t(s) = -3*s**2 - 93*s + 56006. Determine t(122).
8
Let v(k) = k**3 + 22361*k**2 + 781407*k - 107. Give v(-35).
-2
Let r(c) = -19*c**2 + 1107*c + 5597. Determine r(-5).
-413
Let x(v) = 866*v + 302. What is x(0)?
302
Let k(b) = -18*b**3 + 2141*b**2 + 178*b - 6953. Give k(119).
68
Let l(a) = 14*a**2 + 544*a + 3279. What is l(-8)?
-177
Let m(l) = 1637*l + 60208. What is m(-35)?
2913
Let q(r) = -2*r**3 + 158*r**2 + 1184*r + 1508. Determine q(86).
-212
Let x(w) = -w**2 - 122*w + 1322. What is x(10)?
2
Let o(a) = -3*a**2 + 74*a + 2165. What is o(49)?
-1412
Let i(f) = -38*f**3 + 265*f**2 - 1769*f + 12448. Give i(7).
16
Let o(b) = -3*b**3 - 94*b**2 - 520*b + 178. Determine o(-24).
-14
Let s(j) = -235514*j + 3061692. Calculate s(13).
10
Let h(a) = 1394*a + 29687. What is h(-22)?
-981
Let l(n) = -8*n**2 + 1000*n - 511. Give l(123).
1457
Let c(h) = -10422*h + 291760. What is c(28)?
-56
Let m(r) = -r**3 + 46*r**2 - 198*r - 3995. Determine m(38).
33
Let r(d) = -15218*d + 182132. Determine r(12).
-484
Let h(u) = 85*u - 24446. Determine h(266).
-1836
Let u(w) = -w**3 - 20*w**2 + 137*w - 69. Calculate u(11).
-2313
Let d(f) = -23*f**2 + 7183*f - 2530. Calculate d(312).
-346
Let y(h) = -h**3 - 15*h**2 + 41*h + 573. What is y(-11)?
-362
Let r(x) = 1639*x - 114857. Give r(70).
-127
Let r(n) = -27*n**2 + 584*n